09 and t.
87
Suppose 91 = s + v - 91, 2*v = 2. Let q = s - 104. What is the greatest common factor of q and 11?
11
Let s be (-4 - -8) + 1 - (-83 + 6). What is the greatest common factor of 7339 and s?
41
Suppose 4*u - 10 = -5*w + 85, 5*w = -u + 35. Suppose 60*o - 4550 = 25*o. Calculate the highest common factor of o and u.
10
Let b = 18468 + -10754. Calculate the highest common divisor of b and 174.
58
Suppose 5*s - 4*f - 17466 = 0, -2*s = -3*s + 3*f + 3480. What is the greatest common factor of s and 53?
53
Let z(j) = j**3 + 30*j**2 - j - 12. Let q be z(-30). Let h(c) = 2*c**2 - 21*c + 48. Let r be h(q). What is the highest common factor of r and 6?
6
Suppose 5*h + 54 = 8*h. Suppose -f = 2*y + h + 1, -4*f = 5*y + 55. Let s = y - -10. Calculate the highest common factor of 5 and s.
1
Suppose -4*q - 5*b = 538 + 2136, -5*q - 3349 = 3*b. Let j = q + 681. What is the greatest common factor of 290 and j?
10
Suppose 2*l - 5*y = 260, 5*l + 0*y - y - 696 = 0. Let o = l + -125. What is the greatest common divisor of 75 and o?
15
Suppose 6*t - 1920 = t. Suppose 2*k - 83 = -q - 69, 0 = -5*q - 3*k + 49. Suppose -q*y = -0*y - t. What is the greatest common factor of 36 and y?
12
Suppose 0*c = -c + 48. Suppose 37*h - 39*h + 5*t + 47 = 0, -5*h + 3*t = -165. What is the highest common factor of c and h?
12
Let y = -5403 + 5409. What is the highest common factor of 591 and y?
3
Let o(g) = -5*g + 187. Let b be o(6). Suppose b*n + 2592 = 166*n. Calculate the greatest common divisor of n and 72.
72
Suppose -6*t + 120 = 6. Let b(m) = 288*m - 3. Let k be b(1). Suppose k = -3*v + 6*v. Calculate the greatest common divisor of t and v.
19
Let c(q) = 38*q - 66. Let f be c(2). Let k = 1278 - 608. Calculate the highest common divisor of f and k.
10
Suppose 0 = -5*o + 112 + 248. Let n(m) = 2*m**3 + 7 - 9 + m + 6*m**3 + m**2. Let s be n(1). What is the highest common factor of o and s?
8
Let n be 1 - -2 - -4*5/2. Let b be 1454/7*2 + (-540)/(-945). Calculate the highest common factor of b and n.
13
Let t(o) = -o**2 + 15*o + 4. Let s = 291 - 276. Let n be t(s). What is the greatest common divisor of n and 2?
2
Let x(k) = k**3 + 38*k**2 + 58*k - 33. Let u be x(-36). Let z = u + -417. What is the greatest common factor of 27 and z?
27
Suppose -341*k + 345*k + 4*c - 240 = 0, -2*k = 5*c - 102. What is the highest common factor of 242 and k?
22
Let n = -68 + 81. Suppose -z + 350 = n*z. Calculate the highest common divisor of 200 and z.
25
Let j = 13003 - 11456. What is the highest common factor of j and 91?
91
Let t = -31 - -37. Let m be 9 - (-3 + 42/t). What is the greatest common factor of m and 45?
5
Suppose 47508 = 56*l - 53404. Calculate the greatest common divisor of 204 and l.
34
Let r = -11547 + 14130. Calculate the highest common divisor of 3731 and r.
287
Suppose 21*j + 8 = 20*j. Let c(g) = -3*g - 12. Let u be c(j). Let p be (1 - -133) + -1 + -1. What is the highest common factor of u and p?
12
Suppose 0 = -4*i - 26 + 18. Let a(l) = 29*l + 60. Let m be a(i). Let s = 42 - 24. What is the greatest common factor of m and s?
2
Suppose 77*k = -146*k - 110*k + 18981. Let g(x) = -3*x. Let t be g(-5). What is the highest common factor of k and t?
3
Suppose -4*g + 2668 = 4*q, 4384 = 5*g + 4*q + 1045. Calculate the highest common divisor of g and 3.
1
Suppose -48*d - 17353 = -55*d. What is the highest common divisor of d and 67?
67
Suppose 7*m - 102 = 24. Suppose -70 = -2*s + m*g - 20*g, 0 = -3*g + 6. What is the greatest common divisor of s and 77?
11
Suppose 0 = 90*t - 82*t - 16. Suppose t*q = 5 + 23. Let m = -93 + 163. Calculate the greatest common divisor of q and m.
14
Let u = 16959 + -16775. What is the highest common divisor of u and 7222?
46
Suppose 2*j + 18 = -2*h - 0*h, -j = 5*h - 11. Let z = j + 54. Suppose 2*n - 21 = -1. Calculate the highest common factor of n and z.
10
Let d = -11232 - -13681. Calculate the highest common divisor of d and 93.
31
Let x = -304 - -469. Suppose 3*c - 86 = -4*d, 4*d + 29 = 2*c + d. Calculate the greatest common factor of c and x.
11
Suppose -3764*w + 238 = -3763*w. Calculate the greatest common divisor of 510 and w.
34
Let b = -109 + 133. Let l(n) = -n**2 + 23*n + 54. Let r be l(b). Calculate the greatest common divisor of r and 12.
6
Suppose 9 = 7*a - 26. Suppose 62 = 14*s + 20. Suppose s*y - 56 = -a*w + y, 4*w = -2*y + 44. What is the greatest common factor of w and 4?
4
Suppose 376 = 5*b - 284. Let u(d) = -d**3 + 7*d**2 + 11*d. Let g be u(8). Let v = 36 - g. What is the greatest common divisor of b and v?
12
Let n = -8878 + 9193. Let h(l) = 9*l**2 - l + 1. Let d be h(2). Calculate the greatest common factor of n and d.
35
Let y = 866 + -646. Calculate the greatest common factor of 640 and y.
20
Let h be ((-24)/7)/((-50)/350). What is the greatest common divisor of 856 and h?
8
Let z = 324 - -1301. What is the greatest common factor of z and 13?
13
Suppose -34 - 47 = -t. Suppose -4*p = -2*x + 664 - 548, -4*x - 2*p + 212 = 0. What is the greatest common divisor of t and x?
27
Let z be 2904/(-22 - -44) + (3 - 2). What is the greatest common divisor of z and 7?
7
Suppose -9*u + 5*b = -7*u + 3084, 5*u + 7772 = -3*b. Let c = u - -2347. Calculate the highest common divisor of c and 15.
15
Suppose -193 = -17*z + 72 - 10. Calculate the highest common factor of 5685 and z.
15
Let g = -3484 - -3574. What is the highest common divisor of 3915 and g?
45
Suppose -2774 + 14240 = 26*x. Calculate the greatest common divisor of 819 and x.
63
Let c(s) = s**2 + 158*s + 297. Let y be c(0). Calculate the greatest common divisor of y and 54.
27
Let h be -19*(46/(-10) - -4)*(8 - 3). Let u = -35 - -73. Calculate the highest common factor of u and h.
19
Suppose -55 = -5*k - 0. Suppose -12*r = -7*r - 1595. What is the highest common divisor of k and r?
11
Let q be 1*2*(-6 - -7). Suppose 4*l - 54 = -q*l. Let m be ((-96)/4)/(1*l/(-24)). What is the highest common divisor of m and 8?
8
Let i be (0 - 2/5)*5. Let w be -1 - 14*(3 - (-7)/i). Let h be ((-15)/2)/((-3)/6). What is the highest common factor of h and w?
3
Suppose 17766 = -68*f + 95*f. What is the greatest common divisor of f and 564?
94
Let w be 2 - 3/(6/(-10)). Suppose -9 = w*g - 2. Let x be 4/14 + (g - (-4784)/14). What is the greatest common divisor of x and 31?
31
Suppose 9 = -4*r - 3, -r - 43 = -4*v. Suppose v*y + y - 110 = 0. Calculate the highest common divisor of 55 and y.
5
Suppose 0 = 7*b - 4 - 38. Suppose 9*f - 42 = b*f. What is the greatest common factor of 126 and f?
14
Let b be -1 - (7/(-2)*2 - -2). Suppose -b*z + 56 = -0*z. Let u be (-59)/(-3) + z/6 + -3. Calculate the greatest common factor of 76 and u.
19
Suppose 4*o - 8 = -2*v, v - 4*o - 28 = -0*v. Let g = 55 - 251. Let p = -148 - g. Calculate the highest common divisor of v and p.
12
Suppose -3223 = -59*h + 7574. Calculate the highest common divisor of h and 3.
3
Let a = 181 + 24. Let x(p) = -p**3 + 6*p**2 - 5*p + 5. Let s be x(5). Let b be (-2877)/(-35) + (-1)/s. Calculate the greatest common divisor of b and a.
41
Let p be ((-36)/15)/((-39)/104910). Calculate the greatest common divisor of 24 and p.
24
Let y(b) = 8*b**2 + 976*b + 2924. Let o be y(-3). What is the highest common divisor of o and 452?
4
Let o be 9/6*(3 - -13) + -4. Suppose 5*i + o = 0, -7*i + 4*i = 3*s - 24. What is the greatest common divisor of 32 and s?
4
Suppose 3*f = 3*x + 2845 + 452, f = 4*x + 1120. What is the highest common factor of 147 and f?
21
Let t(r) = 6*r**2 + 32*r + 6. Let y = -501 + 492. Let x be t(y). What is the highest common divisor of 340 and x?
68
Suppose 3*p + 5*c = -13, -3*p + 15*c + 17 = 14*c. Calculate the highest common factor of 61 and p.
1
Suppose -23*v + 175 = -18*v. Let n(q) = -79*q + 15. Let j be n(-10). What is the highest common factor of v and j?
35
Let l(b) = b**3 - 21*b**2 - 23*b + 61. Let r be l(22). Suppose 2*t + 3*u - 107 = 0, 0 = 4*t - 0*t + u - 209. What is the greatest common factor of t and r?
13
Let u = -16609 - -17779. What is the highest common factor of 1080 and u?
90
Suppose 0 = 4*r - 18*r. Suppose r = -6*q - 14*q + 1500. Calculate the highest common divisor of q and 100.
25
Let f(k) = -3*k**3 - 24*k**2 + 62*k + 885. Let b be f(-17). Calculate the greatest common factor of b and 132.
22
Let l be 2/13 - (-6993)/91. Su